a. What are the prime factors of h?
2, 23, 71
Let w(q) = -q**3 + 22*q**2 - 25*q - 32. Let l be w(18). Suppose 0*j - l = -j. List the prime factors of j.
2, 11, 37
Let p be 6*20*(-1)/(-12). List the prime factors of 1294/p + 0 - 20/50.
3, 43
Suppose 3*g + 834 = u, g + 113 + 165 = 2*u. List the prime factors of (-18)/20*g + 1/(-5).
2, 5
Suppose -426*h - 108900 = -448*h. List the prime factors of h.
2, 3, 5, 11
Suppose -4*g = 5*f - 46789, -2*f + 7*f = -3*g + 35088. What are the prime factors of g?
11701
Let q = -432 - -735. Suppose -84 = -p + 4*f + q, 5*p - 2*f = 1971. List the prime factors of p.
5, 79
Suppose -4*r + 33101 - 7550 = 3*j, -42568 = -5*j - r. List the prime factors of j.
8513
Suppose -1239451 = -9834*l + 9798*l + 950609. List the prime factors of l.
5, 23
Let c = 573 - 568. Suppose 0 = 13*d - 8*d + 3*t - 4973, c*t = -3*d + 2971. List the prime factors of d.
997
Let d(w) = -22 + 34 + 16*w**2 - 22. List the prime factors of d(4).
2, 3, 41
Suppose -20 = -u - 3*u, -m - 3*u = -18. Suppose 2*k = 2*v + 452 + 822, m*k - 1901 = 5*v. What are the prime factors of k?
2, 3, 107
Let x(f) = f**3 - 48*f**2 - 230*f + 99. List the prime factors of x(58).
20399
Suppose 0 = 8*l + 22 + 2. List the prime factors of (l/(-9))/((-15)/(-25065)).
557
Let q be 5/(-3) - 9/27 - 1063. Let p = q - -1704. List the prime factors of p.
3, 71
Let z(d) = d**2 - 12*d - 41. Let b be z(26). Let g be b + (5 - (-5 + 5)). Suppose -j + g = 3*q + q, 4*q + 4*j = 340. List the prime factors of q.
3
Let l(t) = 47*t - 27. Suppose -6*s + 3*s = -15. List the prime factors of l(s).
2, 13
Let t be 16 - (1 - 1 - -1). Let d be (40 - 16)/(-48)*0/(3/(-3)). Suppose d = -w - 2*l + t, -5*w + l + 17 = -69. List the prime factors of w.
17
Let b = -10105 - -29896. What are the prime factors of b?
3, 733
Let o be 3 - 1 - (2 + 0). Suppose o = -2*a + 10*a - 1544. Let n = -134 + a. What are the prime factors of n?
59
Suppose -267*b = -1319771 - 2808316. What are the prime factors of b?
15461
Suppose 0 = 22*n - 778100 + 139924. List the prime factors of n.
2, 7, 37
Let l(y) = -9*y + 4 + y**2 - 4. Suppose -2*a - 7*o + 30 = -6*o, 3*o + 14 = 2*a. What are the prime factors of l(a)?
2, 13
Suppose -2*z + 5*m + 57772 = 0, 2*m - 4*m = 2*z - 57758. What are the prime factors of z?
3, 3209
Let o = 78 - 18. Suppose 10*q - o = -0*q. Suppose -3*c + q + 78 = 0. What are the prime factors of c?
2, 7
Let b(h) = 84*h + 2098. What are the prime factors of b(105)?
2, 53, 103
Let a = 66 + 111. Let d = -98 - a. Let l = -152 - d. List the prime factors of l.
3, 41
Suppose -2*n + 3 + 27 = 2*a, 2*n + 18 = 2*a. Let r = 219 - a. What are the prime factors of r?
3, 23
Suppose -o - 135420 = -5*a, 54160 = -9*a + 11*a - 2*o. What are the prime factors of a?
5, 5417
Suppose -5*b - 6 = -8*b. Let w(d) = 10 + 2*d - b - 2*d**3 + d**2 - 10. List the prime factors of w(-2).
2, 7
Suppose 10 = 6*l - 4*l. Let c(x) = -x**3 - 5*x**2 - 14*x - 30. Let v(z) = -z**2 + z + 1. Let s(k) = l*v(k) + c(k). What are the prime factors of s(-10)?
5, 13
What are the prime factors of -20 + 22 - (-346840)/8?
191, 227
Suppose 0 = 4*v - 2*y - 43702, -14*y + 13*y = 4*v - 43687. List the prime factors of v.
3, 11, 331
Let v(r) = 155*r + 120. Let a(c) = c**2 - 7*c + 8. Let z be a(0). What are the prime factors of v(z)?
2, 5, 17
Suppose r = b - 1823, 5*r + 5*b - b = -9124. Let u = r - -2774. List the prime factors of u.
2, 5, 19
Let r(z) = -479*z + 12103. What are the prime factors of r(-125)?
2, 17, 29, 73
What are the prime factors of 13*((-24)/(-40) + (-7162)/(-5))?
13, 1433
Suppose 9*f = 7*f + 302. Suppose -f*m = -157*m + 1470. List the prime factors of m.
5, 7
Let h = 29865 + -20373. List the prime factors of h.
2, 3, 7, 113
Let u(g) = 8*g**3 - 19*g**2 - 4*g - 20. Let w(a) = -130*a**2 - 1 - 6 + 124*a**2 - a + 3*a**3. Let x(t) = -4*u(t) + 11*w(t). What are the prime factors of x(-4)?
79
Let y be 171/76 + 7275/(-40)*-2. Suppose -p = -4*n + 5, 14 + 1 = 2*n - 3*p. Suppose 110 = 3*t + b - y, n = -3*t - 5*b + 472. List the prime factors of t.
3, 53
Suppose 0 = 6*v + 491 - 1997. Let m = 31 - v. Let z = -48 - m. What are the prime factors of z?
2, 43
Suppose 48801 = 41*s - 62104. List the prime factors of s.
5, 541
Let i(v) = -33*v**2 - v + 4. Let u be i(3). Let s = -192 - u. Let l = s - 55. What are the prime factors of l?
7
Let w be 1/(-2) - (8 + (-34)/4). Suppose 3*t - 190 = 5*a, w*t - 2*t + 85 = 5*a. What are the prime factors of t?
5, 11
Let t = -105 - -210. Let a = -61 - -101. Let c = t - a. What are the prime factors of c?
5, 13
Let u be ((-28)/(-16))/(-7) + 186741/36. Suppose -3*l - 1139 = -m + 594, -3*l = 3*m - u. List the prime factors of m.
2, 5, 173
Suppose 232 = v - 0*v. Let k = 883 - 880. Suppose k*p - 4*m = 23 + v, 2*m = p - 87. List the prime factors of p.
3
Suppose -5*t - 195 = -5*v, 2*t = -2*t - 3*v - 142. Let r = t - -40. Suppose r*z = 2*z + 37. What are the prime factors of z?
37
Suppose z - 64194 = -5*a, -a = z - 791 - 12051. List the prime factors of a.
2, 7, 131
Suppose -3*j = 2*r - 832, 2*r + j + 159 - 983 = 0. Let h = r + 2. What are the prime factors of h?
2, 103
Suppose 5 = 18*v - 23*v, 22206 = 4*f + 2*v. List the prime factors of f.
2, 347
Let u(j) = 97*j + 3616. What are the prime factors of u(0)?
2, 113
Let f(k) = 435*k**3 - k**2 + 6*k - 35. List the prime factors of f(3).
11719
Let v(u) = 4*u**2 + 2*u - 72. Let l(y) = -13*y + 265. Let h be l(21). What are the prime factors of v(h)?
2, 3, 7
Let m(k) = -75*k - 91. Let f be m(-3). Let r = f - -165. List the prime factors of r.
13, 23
Let h be (-28)/5 + 6/(-15). Let d be (72/(-16))/(-1 + (-5)/h). What are the prime factors of (-1 - d)*(-319)/58?
2, 7, 11
Let b = -23 - -26. Suppose -4*v - 5*c + 1215 = v, b*c + 3 = 0. Let o = v + -135. List the prime factors of o.
109
Let x(t) = t - 16. Let l be x(9). Let d be 2/(-7) - 37/l. Suppose -2*r = 8, 2 = i + d*r - 4. What are the prime factors of i?
2, 13
Let d be -6*(-2 - (3 + (-44)/3)). Let y = 62 + d. Suppose 0 = y*u - 4*q - 232, -7*u + 3*u + 3*q + 228 = 0. List the prime factors of u.
2, 3
Let z be -3*(-7)/((-126)/(-6564)). List the prime factors of 5 - ((-12)/6)/(4/z).
2, 3, 23
Suppose 17*j = 18*j. Suppose 9*a - 19 + 1 = j. Suppose 4*o - 2*m - 90 = 0, 3 = -m - a*m. What are the prime factors of o?
2, 11
Suppose -5*j + 0*z - 3*z = -110, -2*j - 3*z = -35. List the prime factors of 39*j + (-56)/56.
2, 487
Let s(u) = -28*u + 56. Let b be s(2). Suppose 5 = p + 3. Suppose -p*z - 234 = -4*c, b = -2*z + 5 + 1. List the prime factors of c.
2, 3, 5
List the prime factors of 4*(-6 - (-193018)/28).
2, 5, 19, 29
Let l(t) = t**2 + 38*t + 211. What are the prime factors of l(46)?
5, 163
Let x = -18 + 66. Let u = x - 46. Suppose -5*j + 430 = -u*v - 3*v, 0 = -3*j - 3*v + 228. What are the prime factors of j?
3
Let q(x) = 22*x**2 - 18*x - 45. Let g be q(-10). Suppose 2329 = 3*r - 5*w, 5*r - 2*r = -w + g. List the prime factors of r.
2, 389
Suppose -1282964 = -201*w + 1190341. What are the prime factors of w?
5, 23, 107
Let x be (-24)/16*(-8)/6. Suppose 4*v - 16 = -2*d - x*d, -2*d + 14 = -4*v. Let f(o) = 6*o - 10. What are the prime factors of f(d)?
2, 5
Suppose 2*t + 4*o + 16 = 0, 4*o - 5*o = t + 11. Let l be 552*(t/(-3))/7. Suppose -l = -2*v - 4*i, v + 4*v - 5*i = 845. List the prime factors of v.
2, 3, 29
Let f(c) = 10*c + 1. Let j(a) = 21*a + 2. Let m(u) = 15*f(u) - 6*j(u). What are the prime factors of m(6)?
3, 7
Let c = 13701 - -553. What are the prime factors of c?
2, 7127
Let t(a) = -a**2 - 4*a + 5. Let v be t(-5). Suppose -2*n + 66 = b, 0 = -2*b + 2*n - 0*n + 108. Suppose v = -3*y + b + 380. What are the prime factors of y?
2, 73
List the prime factors of (-1101791)/(-206) + 27/(-12)*2.
2, 167
Let v(i) = 460*i**2 + 4*i - 2. Suppose 0 = 2*x - 5*q + 7, 6 = -4*x + 3*x + 5*q. What are the prime factors of v(x)?
2, 227
List the prime factors of 342825/(-350)*(-4)/3.
2, 653
Suppose 2*j - 305*z = -303*z + 106306, 4*j + 2*z = 212576. What are the prime factors of j?
53147
Let a = 67509 + -38639. List the prime factors of a.
2, 5, 2887
Suppose 4*i + 4*t - 6120 = 0, 29*i = 25*i - t + 6102. List the prime factors of i.
2, 3, 127
What are the prime factors of (2 - 5/3) + ((-508725)/(-27) - 9)?
37, 509
Let g be ((-2)/1)/(2/11). Let y(z) = 5831 - 15*z - 39*z -